3*l**3 + 31*l**2 + 14*l + 466. Give a(-11).
70
Let s(v) = -1131*v + 18129. Give s(16).
33
Let q(o) = -41*o**3 + 290*o**2 - 660*o + 4499. Determine q(7).
26
Let i(n) = -7*n**2 - 700*n - 2906. Determine i(-94).
1042
Let o(x) = 6299*x - 44024. What is o(7)?
69
Let f(r) = -2*r**2 + 1275*r + 9028. What is f(-7)?
5
Let o(u) = 5*u**3 - 86*u**2 - 86*u + 322. Give o(18).
70
Let u(p) = 11*p**2 - 3*p - 90. Calculate u(10).
980
Let m(c) = -11181*c - 145318. Give m(-13).
35
Let v(j) = 6*j**3 - 23*j**2 + 188*j - 1396. Determine v(8).
1708
Let p(n) = 11*n**2 + 1879*n - 391. Give p(-171).
-49
Let s(w) = -523*w - 40243. Give s(-80).
1597
Let a(r) = 2*r**3 + 174*r**2 - 356*r - 15821. Calculate a(-88).
19
Let a(v) = 2*v**3 - 54*v**2 + 85*v + 422. Give a(25).
47
Let j(r) = 468*r + 7648. Calculate j(-17).
-308
Let t(s) = 2*s**2 + 749*s - 5355. Determine t(7).
-14
Let d(r) = 3*r**3 + 372*r**2 - 333*r - 129926. Calculate d(-122).
4
Let a(x) = -543*x - 5028. Calculate a(-10).
402
Let x(t) = 4122*t - 37077. Calculate x(9).
21
Let p(q) = -q**3 - 698*q**2 + 47950*q - 427. What is p(63)?
14
Let f(d) = d**3 + 281*d**2 + 5265*d + 11740. Determine f(-261).
-5
Let n(r) = -2*r**2 + 174*r + 593. Calculate n(90).
53
Let p(r) = r**3 - 227*r**2 + 33*r - 7468. Calculate p(227).
23
Let m(f) = 113*f**2 - 4903*f + 33. Determine m(43).
-1859
Let l(q) = -2*q**2 - 343*q + 61928. Calculate l(110).
-2
Let a(b) = -b**3 + 251*b**2 + 4369*b - 1268080. Determine a(248).
-56
Let o(f) = -20*f**2 - 2759*f - 32297. Calculate o(-125).
78
Let g(c) = -126*c**2 + 20661*c + 481. What is g(164)?
-11
Let p(z) = 563301*z - 5069721. Determine p(9).
-12
Let f(m) = -215*m**3 - m**2 + 39*m + 41. Determine f(-1).
216
Let o(y) = -y**2 - 4938*y + 391097. Give o(78).
-151
Let n(q) = q**3 + 133*q**2 + 643*q - 1. Calculate n(-128).
-385
Let a(r) = 3*r**2 + 74*r - 288. Determine a(6).
264
Let b(o) = -o**2 + 758*o - 98189. Determine b(165).
-344
Let t(i) = -i**2 + 152*i - 4949. What is t(52)?
251
Let j(y) = 261*y - 4634. Give j(17).
-197
Let k(j) = 2*j**3 - 18*j**2 - 172*j - 72. Determine k(-11).
-3020
Let r(x) = -2*x**2 - 150*x - 228. What is r(-64)?
1180
Let j(g) = -2*g**2 + 387*g + 472753. Determine j(-399).
-62
Let s(v) = 97*v - 376. Give s(0).
-376
Let i(p) = -1770*p + 24253. Give i(14).
-527
Let p(z) = 2*z**3 + 173*z**2 - 117*z - 2612. Give p(-87).
-2
Let x(k) = 2*k**2 + 240*k - 2554. Calculate x(-130).
46
Let m(v) = 45*v - 1048. Determine m(31).
347
Let z(k) = -k**3 + 52*k**2 - 1557*k + 76806. Determine z(51).
0
Let p(k) = 17*k**2 + 444*k - 1582. Calculate p(-30).
398
Let d(n) = 50067*n - 181. Give d(0).
-181
Let j(t) = -1086*t + 675454. What is j(622)?
-38
Let h(u) = 8*u**2 + 428*u - 4393. Calculate h(-62).
-177
Let k(o) = 10*o**2 + 329*o + 1789. Determine k(-22).
-609
Let u(f) = 285891*f - 1143567. Calculate u(4).
-3
Let j(w) = 20*w + 951. Calculate j(31).
1571
Let t(v) = 99*v**3 + 1274*v**2 - 3166*v - 17. Calculate t(-15).
-2
Let j(v) = 27306*v + 518843. What is j(-19)?
29
Let l(v) = 5*v**3 + 6517*v**2 - 13050*v + 1. Calculate l(2).
9
Let z(r) = 2*r**3 + 26*r**2 - 109*r + 220. Give z(-17).
-239
Let p(f) = -f**3 - 4*f**2 + 2214*f + 8830. Give p(-4).
-26
Let p(y) = 105*y**2 + 2859*y + 321. Determine p(-27).
-327
Let h(j) = -7*j**3 + 40*j**2 + 55*j - 17. Calculate h(7).
-73
Let j(q) = -5*q**3 - 348*q**2 - 104*q - 17104. What is j(-70)?
-24
Let g(r) = r**2 - 805*r - 3911. Determine g(-5).
139
Let v(b) = -b**2 - 1367*b + 21980. Calculate v(16).
-148
Let h(z) = -996*z + 149398. Calculate h(150).
-2
Let p(o) = -552*o + 129130. What is p(234)?
-38
Let l(q) = 24176*q + 145603. What is l(-6)?
547
Let m(d) = d**2 - 1147*d - 11463. Give m(-10).
107
Let s(u) = 3*u**2 + 376*u + 3467. Calculate s(-10).
7
Let k(u) = 11*u**2 - 182*u + 364. Determine k(14).
-28
Let b(s) = 770*s + 45515. Give b(-59).
85
Let t(w) = w**2 + 3223*w + 2565424. Determine t(-1434).
-2
Let k(y) = -2*y**3 - 75*y**2 + 44*y + 2968. Calculate k(-37).
-29
Let h(n) = -605*n**2 - 453174*n - 21708. Calculate h(-749).
13
Let f(x) = 2*x**2 + 27*x + 3. What is f(5)?
188
Let x(b) = 2*b**3 - 170*b**2 - 147*b - 2434. Determine x(86).
-284
Let n(t) = -2*t**2 + 10465*t + 104830. Calculate n(-10).
-20
Let i(t) = -t**2 + 407*t - 38143. Calculate i(258).
299
Let v(n) = 389*n**2 + 6625*n + 131. Calculate v(-17).
-73
Let z(a) = a**3 + 195*a**2 - 1187*a + 3793. What is z(-201)?
-26
Let z(v) = -9*v**2 - 1722*v - 3497. Give z(-189).
472
Let s(a) = -1786*a**3 - a**2 - 34*a - 34. What is s(-1)?
1785
Let f(q) = -q**2 + 58664*q - 2286368. Calculate f(39).
7
Let a(c) = c**2 + 4570*c + 13702. Determine a(-3).
1
Let u(q) = -6874*q + 1677245. Calculate u(244).
-11
Let s(x) = -4*x**2 - 1102*x - 58469. Calculate s(-72).
139
Let k(a) = -581648*a - 21520970. Calculate k(-37).
6
Let i(k) = 15*k**2 - 361*k + 511. What is i(23)?
143
Let n(t) = -15*t**3 + 119*t**2 + 1020*t - 8069. Calculate n(8).
27
Let c(o) = 16430*o + 132116. Determine c(-8).
676
Let w(g) = 2*g**2 + 1366*g - 292068. Give w(171).
0
Let h(t) = 3*t**2 + 2578*t + 15508. Calculate h(-6).
148
Let t(z) = 107*z**2 - 4612*z - 4226. What is t(44)?
-2
Let t(a) = 5200*a + 3166818. Determine t(-609).
18
Let x(g) = g**3 + 103*g**2 - 892*g - 13427. Calculate x(-110).
-7
Let d(c) = 45*c + 1526. What is d(-34)?
-4
Let w(t) = 4*t**2 + 184*t + 728. Calculate w(-4).
56
Let y(t) = -t**2 - 15*t + 375. Give y(13).
11
Let f(o) = o**3 - 43*o**2 - 1135*o - 3973. Determine f(-15).
2
Let i(c) = -c**2 + 554*c + 47128. Calculate i(-75).
-47
Let b(u) = -u**3 + 39*u**2 + 521*u + 1. What is b(-11)?
320
Let i(y) = -y**2 - 4*y + 3505. Calculate i(-63).
-212
Let i(l) = 5270*l + 447931. Calculate i(-85).
-19
Let w(y) = -y**3 + 3*y**2 - 12*y + 700. Give w(0).
700
Let s(n) = 21*n**2 - 1397*n - 343. What is s(67)?
327
Let s(o) = -15*o**3 + 2*o**2 - 7*o + 42. What is s(-2)?
184
Let o(x) = x**3 + 424*x**2 - 7497*x - 83. Determine o(17).
-83
Let x(g) = -g**2 + 3881*g + 23286. What is x(-6)?
-36
Let h(o) = -47842*o + 1578783. Determine h(33).
-3
Let p(y) = 225*y**2 - 3846*y + 350. Determine p(17).
-7
Let l(f) = -f**2 + 242*f - 3209. Give l(14).
-17
Let a(t) = -90444*t - 542659. What is a(-6)?
5
Let a(h) = h**2 - 1204*h - 219724. Give a(-161).
41
Let m(q) = 8*q**3 - 29*q**2 - 97*q - 1. Calculate m(-5).
-1241
Let u(p) = -7*p**2 + 16233*p - 64818. What is u(4)?
2
Let h(l) = 123216*l - 246428. Calculate h(2).
4
Let m(y) = 16*y**3 - 82*y**2 - 370*y - 2. What is m(8)?
-18
Let l(t) = -623*t - 22857. Calculate l(-38).
817
Let k(j) = -j**3 - 84*j**2 - 1570*j - 130. Give k(-56).
-18
Let q(s) = 1197*s - 22924. Calculate q(19).
-181
Let h(n) = -904774*n + 5. Determine h(0).
5
Let n(x) = -x**3 + x**2 + 91*x - 58. Calculate n(16).
-2442
Let u(l) = -22*l**2 + 179*l + 1547. What is u(-9)?
-1846
Let u(m) = 213*m - 4119. What is u(26)?
1419
Let s(q) = 126*q**2 - 448*q + 447. Give s(1).
125
Let f(m) = 108*m + 1629. Calculate f(-17).
-207
Let i(c) = c**2 + 27007*c + 404886. Give i(-15).
6
Let k(n) = 21138*n**2 + 63420*n + 5. Calculate k(-3).
-13
Let d(c) = 2*c**2 + 2244*c - 31729. Determine d(14).
79
Let r(y) = -565*y - 40859. Determine r(-73).
386
Let j(b) = b**3 + 346*b**2 + 1307*b - 210. Give j(-4).
34
Let f(t) = 2*t**3 - 17*t**2 - 1285*t + 10352. What is f(8)?
8
Let r(l) = -19*l**2 - 3139*l + 5652. What is r(-167)?
-26
Let m(z) = -1663*z**2 - 43225*z + 93. Give m(-26).
-245
Let m(c) = -231*c - 29545. Give m(-128).
23
Let w(t) = -13140*t + 26276. Give w(2).
-4
Let b(q) = q**2 - 115*q + 898. What is b(11)?
-246
Let h(u) = u**3 + 63*u**2 + 778*u + 277. Give h(-47).
-945
Let s(u) = 14*u**3 - 993*u**2 - 68*u + 44. What is s(71)?
257
Let d(q) = -8*q**2 + 5654*q - 845245. Give d(492).
11
Let b(h) = -h**3 + 114*h**2 - 2564*h - 230. What is b(83)?
517
Let o(x) = 123503*x - 494032. Calculate o(4).
-20
Let x(k) = 12*k**3 + 25*k**2 - 17*k + 3. What is x(5)?
2043
Let p(j) = -1218*j**2 - 59*j - 56. What is p(-1)?
-1215
Let c(n) = -2*n**3 + 127*n**2 - 36*n - 1694. What is c(63)?
7
Let t(d) = 1128*d + 6895. Give t(-4).
2383
Let q(s) = -12*s**3 + 111*s**2 - 91*s - 29. Determine q(8).
203
Let k(m) = -m**2 - 8*m + 12359. Calculate k(-116).
-169
Let j(y) = 8*y**2 + 753*y + 17022. Determine j(-57).
93
Let q(c) = -3*c**3 - 9*c**2 + 37*c - 104. Determine q(-6).
-2
Let p(f) = -f**3 + 82*f**2 + 16*